r of 15 and z?
5
Suppose 2289*z - 2280*z = 18. Let h be (3/(-2))/(6/(-8)). Suppose -3*y + 3*u = -39, -y - h*u = -6*u + 2. What is the greatest common divisor of z and y?
2
Suppose -2*z = 2*j - 408, -222 + 1242 = 5*j - 5*z. What is the highest common divisor of j and 34?
34
Let i be (-10)/(-4) + (-1)/2. Suppose 2*y + i*y - 84 = 0. Calculate the greatest common divisor of y and 14.
7
Let o = 6 + -2. Suppose 10 = 2*f + o. Calculate the greatest common divisor of 9 and f.
3
Let t(o) = -3*o + 5. Let y be t(-5). What is the highest common divisor of 8 and y?
4
Let o(n) = -n + 35. Let f be o(7). Calculate the highest common factor of 196 and f.
28
Suppose -2*t - 2*t - 25 = -3*c, 75 = 4*c + 3*t. What is the highest common divisor of 240 and c?
15
Let p(m) = m**3 + 7*m**2 + 5*m - 3. Let c be p(-6). Suppose 0 = -3*y + c, 3*d + 0*y = 2*y + 40. Calculate the highest common divisor of 98 and d.
14
Let r(t) = t**2 - 6*t - 23. Let y be r(11). What is the highest common factor of 8 and y?
8
Let k = -3 - -8. Calculate the highest common divisor of k and 15.
5
Let l = -8 - -12. Suppose 5*t - 52 = l*h, 3*h + 49 = 5*t - 0*h. Calculate the highest common divisor of t and 56.
8
Let g be 2/4 - (-21)/(-2). Suppose -4*y - 4 = 3*v - 2*y, 0 = v + 4*y - 2. Let d be 1/v*g + 2. Calculate the highest common divisor of d and 21.
7
Let x = -14 + 18. Let i(p) = 18*p - 2. Let m be i(x). Calculate the highest common divisor of m and 10.
10
Let d be 5/10 + (-213)/(-6). What is the greatest common divisor of 9 and d?
9
Suppose 5 = -5*p + 6*p. Suppose 3 = -0*n + 3*n. Calculate the greatest common factor of n and p.
1
Let w(q) = -q**2 - 7*q + 11. Suppose -2*k + 2 = 20. Let t be w(k). Let f(o) = -o + 6. Let s be f(t). What is the highest common factor of 13 and s?
13
Let b = -2 - 12. Let t be (-2)/(-3)*(1 - b). Let o be (1*2)/((-474)/120 - -4). Calculate the greatest common divisor of t and o.
10
Suppose -15 = -5*z + 460. Suppose -3 = -5*s + 92. What is the highest common factor of s and z?
19
Let x be (1 + 17)/(3/4). Let a be 38/3*12/8. Let q = a - 7. Calculate the greatest common factor of q and x.
12
Let n(q) = 14*q - 5. Let x be n(5). Calculate the greatest common divisor of x and 26.
13
Suppose -5*f = -0*f - 225. Suppose 3*b = f - 0. What is the greatest common divisor of 105 and b?
15
Let m = 13 + 7. Calculate the greatest common divisor of 180 and m.
20
Let d = 79 + 31. Let i(m) = 2*m + 4. Let v be i(7). Let k be (-3)/v*4*-15. What is the highest common divisor of k and d?
10
Suppose 91 = 3*s - 8. Suppose -4*f = -s - 15. What is the highest common divisor of f and 6?
6
Let u(i) = -i**3 - i**2 - i + 11. Let m be u(0). Calculate the greatest common divisor of 1 and m.
1
Let i = -8 - -10. Suppose i*x - x + 3*t = 52, 4*x = 5*t + 140. Calculate the highest common factor of 20 and x.
20
Let n = 11 + -8. Let r be (18/5)/(n/15). Suppose -90 = -l - 0. Calculate the greatest common divisor of r and l.
18
Let l(h) = -48*h + 1. Let x be l(-1). Calculate the greatest common factor of 7 and x.
7
Suppose -q - 4*q + 525 = 0. What is the greatest common factor of q and 21?
21
Let f = 30 + -16. Suppose 4*v - 98 + f = 0. What is the greatest common factor of 14 and v?
7
Let b be 1407/(-15) + (-3)/15. Let k = 211 + b. Calculate the greatest common factor of 13 and k.
13
Let x = -18 + 37. Calculate the greatest common factor of 190 and x.
19
Let p(r) = r**2 - 11*r + 11. Suppose -22 + 54 = 2*a + 3*h, 4*a - 44 = -h. Let n be p(a). What is the highest common factor of 1 and n?
1
Let d = 41 - 26. What is the greatest common divisor of 3 and d?
3
Let k(v) = -v**2 + 14*v - 25. Let y be k(11). What is the greatest common divisor of y and 2?
2
Let f be 13 + (-9)/(-2)*8/12. What is the highest common divisor of f and 40?
8
Suppose -3*u + 221 = 3*k - 5*u, 4*u = -k + 97. Calculate the highest common divisor of k and 11.
11
Suppose 2*i - 174 = -0*y + 3*y, -3*i + 264 = -3*y. Suppose 26 = -3*w + 2. Let o = w - -17. What is the greatest common divisor of i and o?
9
Suppose 5*r = 15 - 0. Suppose 3*h + 5*j = 57, -2*h + 7*j = r*j - 16. Calculate the greatest common factor of h and 112.
14
Suppose -6*n + 84 = -2*n. Calculate the highest common divisor of n and 3.
3
Let m(t) = 3*t**2 + 5*t + 1. Let d be m(-5). Calculate the greatest common divisor of d and 3.
3
Let h(i) = i**2 + 4*i - 1. Let a be h(-5). Let n be (a/6)/(6/9). Calculate the greatest common factor of n and 11.
1
Let l be -7*9/(0 + -3). Let s be 3/(-2)*(-42)/9. What is the greatest common factor of l and s?
7
Suppose -b - 36 = -2*m + b, m - 24 = -2*b. Let p = -4 + 1. Let a be (-16)/(-6)*p/(-2). Calculate the highest common divisor of a and m.
4
Let c be (-142)/4*(-2)/1. Let m = -35 + c. What is the greatest common factor of m and 12?
12
Suppose -3 = -4*y - 19. Let a be (-15)/4*y*5. Let u = -25 + a. What is the greatest common factor of 10 and u?
10
Let t = -7 + 3. Let l = t - -3. Let h be l/(-4) + 235/20. What is the highest common factor of h and 36?
12
Suppose 2*l - p - 18 = 0, -48 = -8*l + 3*l + 4*p. Let i = 477 - 301. Suppose -i = -5*n + 3*n. Calculate the highest common factor of n and l.
8
Let n be ((-18)/5)/((-22)/165). What is the greatest common divisor of 243 and n?
27
Let o(c) = c**2 - 3*c + 1. Let i be o(4). Let t be (-2)/i + 8/(-5). Let v be (-85)/(-2) + 1/t. What is the highest common factor of 21 and v?
21
Suppose 0 = 3*c, f - 3*c = -3*f - 40. Let g be (-10)/25 - 844/f. What is the greatest common divisor of g and 12?
12
Suppose 2*f - 665 = 3*d, f + 2*d - 1004 = -2*f. Let i be 11/3 - 6/9. Let l be f/i - (-4)/6. Calculate the highest common divisor of l and 14.
14
Suppose -2*p = -4*p + 6. Suppose -v = -p*v. Suppose 4*c + 8 = -3*f, v = 4*f - c + 6*c + 9. Calculate the highest common divisor of f and 8.
4
Let d(x) = x - 5. Let q be d(8). What is the greatest common factor of q and 3?
3
Suppose 3*i + 64 = y, i = y + 3*i - 39. What is the greatest common factor of 7 and y?
7
Let q be (-64)/(-20) - 2/10. Suppose w = -q*w + 24. Suppose -5*f + z - 1 + 5 = 0, -4*f + w = 2*z. What is the highest common divisor of 4 and f?
1
Let r be (-3 + -2)*(-2 + 1). Suppose r*y - 63 = -3*s, 2*s = -y + 7*s + 7. What is the highest common factor of y and 132?
12
Suppose -8 - 32 = -2*b. Let i(k) = 4*k**3 + 2*k**2 - 1. Let v be i(-2). Let h be 1/5 + (-1495)/v. What is the highest common divisor of b and h?
20
Let x(n) = -7*n**2 - 6*n + 10. Let c(h) = -7*h**2 - 5*h + 9. Let y(p) = -7*c(p) + 6*x(p). Let j be y(4). What is the highest common divisor of j and 21?
21
Suppose -5*q = -0*q - 40. Suppose -4*c - 3*c = -224. What is the highest common divisor of c and q?
8
Let i(q) = q**2 - 4*q + 2. Let c be i(6). Let s = 56 - c. Let u(w) = -12*w - 9. Let d be u(-6). Calculate the greatest common factor of d and s.
21
Let w = -6 - -4. Let m be 1/w + (-62)/(-4). Let l(y) = y + 17. Let z be l(13). What is the highest common factor of z and m?
15
Let o(a) = 6*a**2 - 2*a + 1. Let m be o(-5). What is the greatest common divisor of 23 and m?
23
Let a = 10 - 6. Suppose 2*l + 4*l = 24. Calculate the greatest common factor of l and a.
4
Suppose 3*g = -l + 11, -38 - 40 = -4*l + 5*g. Calculate the greatest common divisor of l and 1.
1
Suppose -2*d = d - 72. Let r = d + -14. Suppose 2*h - 105 - 55 = 0. Calculate the highest common factor of r and h.
10
Suppose 2*r = -2*r + 2*d + 14, 17 = r + 4*d. What is the highest common divisor of r and 5?
5
Let o be -1 + 2 + 192 - 4. What is the greatest common factor of o and 27?
27
Let v(a) = a**2 - 6*a - 9. Let w be v(-15). Calculate the greatest common divisor of w and 18.
18
Suppose -34 = -4*y + 2*h, -4*h + 9 = -h. Let t = -16 + y. Let s be (-9)/t*-2 + 11. Calculate the highest common divisor of s and 8.
8
Let p = 54 + -47. Calculate the greatest common factor of p and 49.
7
Let m = 7 + 3. Let z be 30/(-4) - 9/(-6). Let q = m + z. What is the highest common divisor of q and 12?
4
Let l = 11 - 0. What is the highest common divisor of l and 11?
11
Suppose 8 = 4*z - 96. Calculate the highest common divisor of 130 and z.
26
Let g be (1 + 101)/((-57)/(-76)). Calculate the greatest common divisor of 17 and g.
17
Let z = -16 - -38. Let q(c) = -c**3 + 5*c**2 + 6*c + 3. Let j be q(5). What is the greatest common divisor of z and j?
11
Suppose 93 = y -